e -11 - 2 - (-16 + -2).
5
Evaluate -4 - ((8 - 4) + -6).
-2
Evaluate -2 + (-1 - -4) - (5 + -3).
-1
Evaluate 0 + (7 - -1) + -4.
4
41 + -45 + (1 - (-2 + 4))
-5
-12 - (-7 + 9 - 7)
-7
Evaluate -6 + 3 + (3 - 0) - -3.
3
What is -7 + 7 + (-4 - 1) - -2?
-3
-3 + -8 + 3 + 1 + 3
-4
12 + (-10 - (0 + -4)) - 4
2
What is the value of 1 + (-3 - (1 - (3 + -2)))?
-2
Evaluate -6 + -3 + 11 + 4.
6
What is the value of 2 - (0 - -5 - 4)?
1
What is the value of -21 + 21 + (-1 - -2)?
1
-3 + (-19 - (-7 + -6))
-9
What is (5 - 4 - (-3 + 2)) + -3?
-1
Calculate 0 - (2 - (3 + 1 + -6)).
-4
Evaluate 0 - -2 - ((2 - -4) + -9).
5
Calculate 9 + -13 + 9 + -1.
4
Calculate 8 - (0 + 4 + 2).
2
Calculate 9 + 3 + 1 + (-13 - -4).
4
Evaluate (2 - 2) + -5 + 4.
-1
What is -1 + (12 - (-2 + 5))?
8
Calculate (5 - (2 - (3 + -6))) + -2.
-2
What is -6 - -4 - -5 - (-1 - 1)?
5
Calculate 6 + 11 + (7 + -13 - 1).
10
What is 4 + 3 + 0 + -5?
2
Calculate -1 + 1 - (5 - (-4 + 8)).
-1
Calculate 11 - 8 - -5 - (4 + 0).
4
What is 0 - ((1 - -1) + -4) - -2?
4
-6 - (1 + -9 + 2)
0
What is 1 + -8 - (12 - 19)?
0
Evaluate 9 + 0 - (11 - 10) - 3.
5
What is the value of (-8 - -4) + -6 - 1?
-11
What is the value of -6 - ((16 - 21) + (4 - 1))?
-4
16 + (-11 - -2) - 5
2
Evaluate (-4 - (-3 + 5 + -2)) + -1.
-5
3 + (-7 - (0 + 2))
-6
Evaluate -2 + 4 + 2 + -1.
3
Evaluate -2 + (2 - ((-3 - -4) + 0)).
-1
8 + 0 + 3 - 8
3
What is the value of -6 + 1 - (13 - 19)?
1
What is the value of -2 + 6 - (-1 - (-6 - -1))?
0
What is the value of -5 + 5 - 0 - -5?
5
Evaluate 101 - 90 - (4 + 1).
6
Evaluate 1 - (4 + 4 + -4 - 1).
-2
Calculate 0 + (7 + -2 - 1) + -4.
0
-10 - (14 + -28) - 12
-8
Calculate (0 - 11) + (2 - -2).
-7
Calculate 10 - (3 - ((-1 - -2) + -3)).
5
What is 5 + 1 + 2 + -3?
5
What is 0 + -1 + -1 - (-7 + 6)?
-1
What is the value of -10 + (2 - 2) + 113 + -111?
-8
Calculate (1 - -2) + (3 - 1).
5
Calculate 0 + -8 - (109 - 115).
-2
What is the value of -2 + (32 + -10 - 11)?
9
Evaluate (-1 - 1) + 2 + -3 - 2.
-5
1 - -2 - (0 - -7)
-4
3 - 2 - -1 - (42 + -33)
-7
What is the value of -5 - (3 - -10 - 20)?
2
What is -1 + -1 + (2 - (5 - 7))?
2
What is the value of -10 + 0 + (10 - 2)?
-2
Calculate -6 + 4 + 11 + -9.
0
-10 + (13 - (-10 + 16))
-3
Evaluate 1 - (10 - 5) - -2.
-2
What is (-4 - (-12 + 4)) + 1 + 1?
6
What is 2 + (7 - 5 - 5) + 6?
5
Calculate -4 - (-3 - -1) - (6 + -5).
-3
What is (30 - 32) + (-1 - -1)?
-2
Evaluate (3 - 1 - 1) + (-7 - -6).
0
-9 + 5 - (0 + -10)
6
What is (-3 - (-3 + 11)) + 8?
-3
What is (0 - 5) + -9 + 13?
-1
-4 - (1 - (3 - (-7 - -6)))
-1
What is -2 + -1 + (5 - (-6 - -3))?
5
-14 + 9 + 0 + 1 + 2
-2
Calculate 6 + -3 - (1 + 3).
-1
Evaluate 2 + -2 + -1 + 0 + 2.
1
Calculate 0 - -1 - (-4 + 2).
3
(0 - -12) + (48 - 57)
3
Evaluate 82 + -83 + (0 - (-9 + -2)).
10
0 + (4 - (5 + 2))
-3
What is the value of 10 + (-3 - 1) - (0 + 3)?
3
What is 165 + -158 + (-2 - (8 + 2))?
-5
What is -7 + (1 - 1 - -5) + -2?
-4
What is the value of (0 - -4) + (-66 - -65)?
3
Calculate (4 - 12) + 4 + 4 + 0.
0
Calculate -1 + 3 + 7 + 0 + -8.
1
-7 - (6 - (16 + 0))
3
Calculate -7 - -3 - (2 - (0 + 1)).
-5
What is the value of (-7 - -2 - -5) + 5?
5
Calculate 4 - (2 + -2 - -4).
0
Evaluate 1 - 2 - 1 - -5 - 3.
0
Calculate 0 - (-1 - -5 - (3 + 1)).
0
Calculate 1 + (-5 - -10) + 0.
6
Calculate -1 + 0 + (-1 - -11).
9
Calculate 0 + -1 - (2 - (-2 + 9)).
4
Calculate (12 - (1 - -4)) + -2.
5
(23 - 17) + -5 + 0
1
Evaluate 4 + -2 + -6 - -5.
1
Evaluate -6 + -7 + 9 + -3 + 2.
-5
Evaluate -6 - (5 - 3 - 4) - -1.
-3
What is the value of 6 + -2 + (5 - (14 - 7))?
2
What is the value of 5 + (-2 - -1 - 3) + 1?
2
What is the value of 2 + (-9 + 2 - -3 - -1)?
-1
Calculate (14 - 11 - (-3 - -4)) + -6.
-4
What is the value of -4 + 6 + 2 + -7 + 1?
-2
What is the value of 2 - (-4 - -2) - (-32 - -36)?
0
What is 2 - (1 - -9 - (6 - 4))?
-6
What is the value of (40 - 45) + 1 + 1?
-3
Evaluate -85 + 73 + 7 + 1 - -3.
-1
6 + -4 + 4 - 7
-1
Evaluate -1 - -1 - (0 + 1).
-1
What is the value of (-2 - (-3 + -5)) + -3?
3
Calculate -22 + 1 - (225 + -238).
-8
Calculate -5 + 1 - -10 - 1.
5
What is (-4 + 3 - -6) + (3 - 6)?
2
Calculate (6 + -9 - -5) + -8 + 11.
5
What is the value of 7 + 1 + -4 - (5 + -6)?
5
What is 2 - -2 - (-11 + 14)?
1
What is the value of (-12 - 2) + 12 - (1 + 0)?
-3
Evaluate -7 + 0 - (-2 - (1 + -4)).
-8
Calculate -1 + 2 + (-3 - (14 - 12)).
-4
What is the value of 0 + 2 + -2 + -3 + 1?
-2
Evaluate (1 - 1 - (2 - 3)) + -6.
-5
Evaluate (-5 - (2 + (-4 - -1))) + 2.
-2
What is 7 + -4 + -10 + 7?
0
1 + 2 + -2 + 0 + -1
0
What is the value of 4 - (-4 - ((2 - -4) + -3))?
11
Calculate 1 - -6 - (-3 + 8).
2
Calculate -8 + 6 - ((-2 - 0) + 1).
-1
What is the value of (42 - 42) + -1 + -6 - -5?
-2
Calculate (2 - -3) + (-22 - -7 - -10).
0
Evaluate -11 + (-1 - -15 - 6).
-3
-1 + (-4 + -1 - (-10 + 11))
-7
What is the value of 99 - 110 - (-2 + -2)?
-7
Calculate -8 - (-2 - (-1 + -2) - 4).
-5
(6 - 3 - (3 - 1)) + 2
3
Calculate 0 - -8 - (-19 + 22).
5
Calculate -1 + 9 + -9 + -1 + -3.
-5
What is the value of (-6 - 1) + 1 + 1?
-5
What is 3 + (9 - 9) - (0 - 1)?
4
What is the value of -3 - (-2 - 0) - (-5 - -1)?
3
What is -5 - (6 + -6 + (3 - 2))?
-6
Calculate 2 + (-1 + -2 + 3 - 1).
1
What is the value of -5 + (1 - (-1 - (4 - 6)))?
-5
What is the value of (-4 - 0) + 12 + -5?
3
Evaluate -20 + 13 + 10 - (0 + -7).
10
-6 + ((-4 - 0) + 5 - -1)
-4
Evaluate 32 - 25 - (0 + 5).
2
What is (-56 - -47) + -2 + 17?
6
-4 + -4 + (1 - -5) + 1
-1
What is the value of -15 - (2 - (3 + 7))?
-7
What is 3 - (1 - 1 - -1)?
2
-7 + -13 + 26 - 4
2
Calculate 48 + -59 + (-3 - -7).
-7
Calculate (8 - 6) + 1 + 0 + -6.
-3
Calculate -20 - (-28 + 10) - (-4 - 0).
2
0 + (5 - 5 - 0)
0
What is the value of -19 + (4 - -20) + (1 - 1)?
5
Calculate -1 + (6 - 9 - (1 + -7)).
2
6 + 0 + -4 + -5
-3
What is the value of -3 - (2 - 3 - (-14 + 22))?
6
What is 3 + (0 - (1 - -1))?
1
What is the value of (11 - 3) + 28 + -44?
-8
Calculate (2 + 4 - 6) + -1.
-1
Calculate -5 + 0 + 24 + -21.
-2
Evaluate -2 - (2 + (-7 - -1)).
2
What is 12 - 14 - (-1 + 1 + -12)?
10
Calculate (-2 - (1 + -4)) + 0 - 4.
-3
Evaluate (-1 - 1) + (-18 - (-18 - -1)).
-3
Calculate 0 + -4 - (2 - 2 - 2).
-2
5 + (3 - (-1 - (-3 + -1)))
5
Calculate (-2 - (-5 + 3)) + -5.
-5
What is -2 + (-5 - (-15 - -1))?
7
What is the value of -6 + 16 + -6 + (-5 - -5)?
4
Calculate 1 + -12 + 5 - -4.
-2
Evaluate (0 - -3) + (-15 - -13) - 5.
-4
9 + -3 + -21 + (-3 - -10)
-8
-1 + -3 + -1 + 3 + 2
0
What is 2 + (4 - -1 - 10)?
-3
Evaluate 4 - 8 - 0 - (0 - 3).
-1
1 + 4 + -8 + 4 + -9
-8
Evaluate (18 + -14 - (1 + 0)) + -5.
-2
(-1 - -6 - -4) + -4
5
3 + (-3 - (-1 - 4))
5
-3 + (8 - (5 - 8)) - 7
1
Evaluate -4 - ((-3 - 2) + 2) - 0.
-1
-4 + 2 + 2 + -5
-5
(12 + -4 - 16) + (-1 - -7)
-2
What is -14 + 11 + (-9 - -8)?
-4
Calculate (3 - (0 - -8)) + -2 + 4.
-3
What is (1 - -4) + -11 + 1?
-5
Calculate 0 - 2 - (6 - (-3 + 6)).
-5
Evaluate (-7 - -14) + (4 - 11).
0
What is 1 + (2 - 3) - (-2 - -6)?
-4
Calculate 7 + (3 - -2 - 8).
4
What is the value of 4 + 1 - 4 - (-1 - 3)?
5
Calculate (4 - 7) + (4 - (-8 - -4)).
5
Evaluate 1 + 0 + 0 - (12 + -15).
4
What is the value of -14 - -15 - (1 - (-5 - -1))?
-4
What is 4 + -5 + (14 - 5) - 6?
2
What is the value of -6 + 6 - (-1 - -5)?
-4
3 - (-4 + 2 - -1)
4
(-8 - -20 - 3) + -8
1
What is (-5 - (-5 + (-4 - 1))) + -3?
2
What is 6 - (7 - 1 - 4)?
4
Evaluate -4 + (12 - (7 + 0)).
1
(-3 - (3 + -5)) + 1 + 2
2
What is (-1 - 4) + -1 + 6 + -1?
-1
What is the value of (0 - -2) + 1 + -1?
2
Calculate -1 - (3 + (3 - (7 - -2))).
2
What is -6 + 14 + -5 + (3 - -2)?
8
What is -1 + -6 + 9 - 5?
-3
Evaluate (0 - 2) + -7 + 9.
0
Calculate 6 - (-8 - -18 - 0).
-4
Calculate 4 + -7 + 1 - -4.
2
-11 - -8 - (-8 + 1)
4
Evaluate 9 - (4 + (7 - 13)).
11
What is the value of (-14 - -11) + 0 + 5?
2
Evaluate (-2 - 4) + 14 + (0 - 8).
0
Evaluate -2 + 2 - ((9 - 7) + 3).
-5
What is -2 + (1 - 0 - 3)?
-4
What is 12 + -18 - ((-10 - -2) + 2)?
0
What is the value of 1 + 2 + 2 + (4 - 8)?
1
8 + (4 - (7 + -1))
6
Calculate 3 + (-9 - -1) + 2 + 2.
-1
Calculate -3 + -1 + 7 + -9.
-6
What is the value of -3 - ((-4 - 2) + 8)?
-5
Evaluate (-3 - (-3 + -3)) + -3.
0
What is -1 + -10 - (-6 + 1)?
-6
What is (-8 - 3) + 1 + -8 + 12?
-6
What is (-2 - -9) + (-8 - -5)?
4
Evaluate 2 - (1 + 9 + -9).
1
Calculate 5 - (-3 - (-1 - 12)).
-5
Calculate -97 - -97 - (-6 + 1).
5
-1 + -2 + 48 + -41
4
Calculate 1 + -1 